 -w**2 - 4*w - 1. Let l be b(-3). Suppose -n - 237 + 62 = -a*t, l*t - 3*n = 169. Is t composite?
False
Let x(u) be the third derivative of -187*u**4/24 + 23*u**3/6 - 14*u**2. Is x(-18) composite?
False
Let z(c) = -7*c**2 + 4*c - 1. Let y(j) = -20*j**2 + 12*j - 4. Let i(b) = -6*y(b) + 17*z(b). Is i(10) composite?
False
Is ((-19)/(-2) - 6)*(-29938)/(-7) prime?
True
Let n(i) = -7*i**3 - i**2 + 8*i + 13. Suppose -4*x - j - 20 = 0, -j - 3*j = 5*x + 36. Is n(x) a composite number?
True
Is 6777 - 7/(-1) - 5 prime?
True
Let m(y) = -83*y + 8803. Is m(0) prime?
True
Suppose 4*l - l = 21099. Is l a prime number?
False
Suppose -73*v = -67*v - 19758. Is v a composite number?
True
Let k(z) = z + 1. Let i(g) = g + 15. Let t(c) = -i(c) + 2*k(c). Let h be t(13). Suppose h = 5*o - 2*o - 609. Is o a prime number?
False
Let h(y) = -y**2 - 30*y + 8. Let n be h(-12). Suppose k + n = 1062. Is k composite?
True
Let f be 0*(-2)/(-6) - -3. Let y(s) = s**3 - 4*s + 5 - s**2 - 3*s**3 - f*s**2 + 0*s**2. Is y(-6) a prime number?
True
Suppose -7997 = -2*h - 4*v + 99461, 3*v = 4*h - 214927. Is h prime?
True
Let x be (-5)/1*(-20)/25. Suppose -5*y = -x*z - z - 1355, -3*y - z = -825. Is y prime?
False
Suppose -4*g = g + 4*b + 25, 2*b + 17 = -3*g. Let i(n) = n**2 + 1. Let o be i(g). Suppose -5*k - o = -417. Is k composite?
False
Is 4/((-84)/283171)*-3 a composite number?
True
Let i = -561 - -2953. Let a = i - 1175. Is a prime?
True
Let x = 563 - -2498. Is x a prime number?
True
Suppose 2*x + 9*x = 0. Suppose -y = -11*l + 9*l + 138, l + 5*y - 47 = x. Is l a prime number?
True
Suppose -4*x - 1541 + 449 = -4*n, 0 = n + 4. Let m = x + 404. Is m a prime number?
True
Is (((-50)/20)/5)/(2/(-15604)) a composite number?
True
Suppose 3*s = 7*s + 4*r + 24, 5*s - 2*r = -9. Is (s + 2)*(0 + 2) - -121 a prime number?
False
Is (-2 - 6) + 41913/3 a prime number?
True
Let w(k) be the third derivative of -7*k**6/120 + k**5/6 + 7*k**4/24 + 19*k**3/6 + 29*k**2. Is w(-7) prime?
True
Let a(i) = i**3 + 4*i**2 - 5*i. Let x be a(-5). Suppose x = 2*r + 2. Is -7 + 19 - (r - -2) a prime number?
True
Let t(a) = 11*a + 36. Is t(17) a composite number?
False
Let t = 74 + -74. Suppose t = -3*y + 1476 - 435. Is y a composite number?
False
Suppose 4*i = -0*i. Suppose 1691 = -l - 4*d + 387, -l + 2*d - 1310 = i. Is l/(-9) - (-2)/(-6) a prime number?
False
Suppose 4*c - 5 = 15. Suppose 0*b + c*b = -85. Let k = b - -138. Is k a prime number?
False
Is 0 - 1/4 - (-6581267)/508 composite?
True
Is (-5)/((-4)/(-8)*(-4)/22) prime?
False
Let s(w) be the first derivative of w**3 - 11*w**2/2 + 7*w - 327. Suppose -5*r = 4*q - 25 - 8, 5*r = -15. Is s(q) composite?
False
Let i be 5*((-12)/(-5))/6. Suppose 478 - 1554 = -i*d. Is d composite?
True
Let p = -1669 + 4596. Is p a prime number?
True
Is 122814*1 + 97 + -105 composite?
True
Suppose 19*y - 72136 = 115413. Is y prime?
True
Let z(r) = 118*r + 19. Let t be z(7). Suppose -t = 7*h - 12*h. Is h a composite number?
True
Let h(q) = 5*q**3 + 5*q**2 + 4*q + 5. Let n(v) = 5 + 3*v + 5*v**2 + 5*v**3 - 6 + 7. Let y(c) = -5*h(c) + 6*n(c). Is y(5) composite?
False
Let d be (-2)/(-10) + 195/25 + -4. Let s(y) = -9*y**3 - y**2 + y. Let c be s(1). Is ((-6)/c)/(d/1914) composite?
True
Let d = 52 + 97. Let l be (-2 + -1)*d/3. Let t = l - -288. Is t a prime number?
True
Let t(n) = -45*n - 1. Suppose -4*k + 3 - 11 = 0. Is t(k) prime?
True
Suppose 20 = -5*l, 0 = 5*z - 2*z + 5*l - 32743. Is z a composite number?
True
Suppose -4*g - 16 = 0, 4*g - 1487 - 3945 = -4*o. Suppose 0 = 4*b + 5*t - 5439, 2*b - b - t = o. Is b a composite number?
False
Is ((-1)/10*-35)/(2/548) composite?
True
Let j(m) = 677*m**2 + 11*m + 21. Is j(-2) a composite number?
False
Let f(t) = -3090*t - 2. Let p be f(-3). Suppose m = 3*w + 1846, -5*m + w - 5*w = -p. Suppose -4*a = -144 - m. Is a composite?
False
Let s be 2 + (-184)/(-2)*(-679)/(-14). Suppose -j + 2135 = 4*r - s, -3*r + 4944 = -j. Is r prime?
False
Suppose -2*j + j = -4. Suppose 4 = 2*m - j. Let h(z) = -z**2 + 5*z - 2. Is h(m) a prime number?
True
Suppose 0 = -3*p + 121218 + 131196. Is 2/(-7) - p/(-42) composite?
False
Let v = 285 - 562. Let j = 612 - v. Is j composite?
True
Suppose -12*y = -15*y + 6. Suppose -v = -y*q + 107, -v = 3*q - 5*v - 173. Is q composite?
True
Suppose -5*a - 20 = -y, a = 2*y - 3*y + 20. Suppose 0 = 4*i + y, 0 = -0*d + d - 5*i - 186. Is d a prime number?
False
Let p = 2459 + -138. Is p composite?
True
Let y be (5 - 0)/(1 + (6 - 6)). Is (y - (3 - 1)) + (1594 - 0) a composite number?
False
Suppose 0 = 10*o - 12*o + x + 2157, 5*o - 5390 = 3*x. Is o a composite number?
True
Let g(k) be the first derivative of -5359*k**2/2 - 12*k + 20. Is g(-1) composite?
False
Suppose 2*u + 4861 = -p, 2*p = -2*u - 5173 - 4557. Is ((-8)/(-24))/((-3)/p) a prime number?
True
Let o(a) = -a**2 + 6*a - 5. Let r be o(0). Is (2/r)/((-8)/760) a prime number?
False
Let q(l) = 11*l + 1. Let n be q(1). Let z be (-3)/n + 125/20. Suppose -z*o + 2*o = -508. Is o a prime number?
True
Let k be 3*4/(-12)*(-3 + 0). Suppose -k*y + 4292 = 89. Is y a composite number?
True
Is (-7)/(112/(-5878))*8 a composite number?
False
Let y(l) = -2*l**2 - 9*l - 7. Let x be y(-3). Suppose 4*z = p + 566, x*z - 276 = -p - 2*p. Is z prime?
False
Let l be 4195/(2 - -3)*1. Suppose 4*i - l = -c, 20 = -3*c - c. Is i composite?
False
Let p(k) = 2 + 1038*k - 2 + 2 + 3. Is p(1) a composite number?
True
Suppose a + 581 = g, -1280 = -2*g - a - 103. Is g a composite number?
True
Suppose 1797 + 1985 = -2*q. Let v = -984 - q. Is v composite?
False
Let g be 0/((-6)/(-3)) - -81. Suppose -y - 5*u = -2*y + 3, -g = -4*y - 3*u. Let s = 16 + y. Is s composite?
True
Let z be 3 + 16/((-12)/3). Let o be (z - 0)*(-3 + 3). Let w(p) = p**2 - p + 319. Is w(o) a composite number?
True
Suppose 0 = -95*s + 98*s - 66243. Is s a prime number?
False
Let n(v) = -4*v - 33. Let g be n(-9). Suppose -4*h + 78 = k - 4552, -k = -g*h + 3469. Is h composite?
True
Suppose 50296 = 8*i + 3600. Suppose -10*l = 3*l - i. Is l prime?
True
Let c(b) = -10*b + 12*b + 17*b - 9. Let n be c(6). Suppose -253 + n = -4*o. Is o a composite number?
False
Let x(o) = 52*o**3 - 7*o**2 - 8*o - 8. Let k(y) = 78*y**3 - 10*y**2 - 12*y - 12. Let c(i) = 5*k(i) - 7*x(i). Is c(3) composite?
False
Let r = -321 + 323. Let n(a) be the third derivative of a**5/6 - a**3/2 + a**2. Is n(r) prime?
True
Suppose 2*u = 3*l + 7408, 5 + 5 = 5*l. Is u prime?
False
Suppose 8*r - 19036 = 4*r. Suppose -5*t + z + r = 4*z, -4*t + z + 3814 = 0. Is t a prime number?
True
Let o(k) = 6 + k**3 + 3*k + k - 5*k + k**2 + 121. Let h = 0 + 0. Is o(h) a composite number?
False
Suppose 0 = 2*x - 6 - 0. Let m be ((-10)/14)/(20/(-140)). Suppose 3137 = x*b - m*d, -b + 1041 = -5*d + d. Is b prime?
True
Suppose 196683 - 1159197 = -18*s. Is s a prime number?
False
Let g be (-467)/1 + -3 + -2. Let d be g/6 - (-7)/(-21). Let a = 132 + d. Is a composite?
False
Let l(x) be the second derivative of x**5/4 - x**4/6 - x**3/3 - x**2 - 12*x. Let k be (-2)/(4*(-3)/18). Is l(k) prime?
True
Let m(f) = -31*f**3 - 5*f**2 - 16*f. Let k be m(-10). Suppose 5*u = -2*q + 12287, 3*u + k = 5*q + 4*u. Is q a prime number?
True
Suppose 7*x - 24 = 3*x. Let a be (-4 + x)/(0 + -2). Is 235 + -2 + a + 1 composite?
False
Suppose 4*n - 2*f = -5*f + 5163, -4*f = -n + 1305. Is n a prime number?
False
Suppose 14*m - 6*m - 231160 = 0. Is m a composite number?
True
Let k(j) = 18*j**2 + 6*j - 22. Is k(-10) composite?
True
Let z(h) = -1738*h**3 + h**2 + 3*h + 7. Is z(-2) composite?
True
Suppose f - 50 = -3*z, -21 - 14 = -2*z - f. Suppose 0 = q - 2*q - 5*h + z, 5*h = 3*q - 25. Is 3204/5 - (-2)/q prime?
True
Is (-168)/(-224)*(-12296)/(-6) a prime number?
False
Let y(k) = -1116*k + 571. Is y(-20) a composite number?
True
Let v(m) = 16*m - 15. Let p(s) = s**2 - 8*s + 15. Let a be p(5). Let k be -4 + 0 + (18 - a). Is v(k) composite?
True
Suppose 3*y + 76 = -4*m - 8, m = y - 28. Let h = 259 + m. Is h a prime number?
False
Is (-1)/2 + (-4674)/(-4) + -5 composite?
False
Let c be ((-134)/(-4))/((-10)/20). Let t = -39 - c. Suppose -3*g + 46 = 5*u - u, -2*u = 4*g - t. Is u composite?
True
Suppose 17*k = -3*x + 18*k + 78980, -4*x + 105311 = 3*k. Is x prime?
False
Is -17*(-10)/(100/9970) prime?
False
Let s = 529 + -423. Is s composite?
True
Let u(f) = 